{"id":236,"date":"2025-07-21T14:29:45","date_gmt":"2025-07-21T14:29:45","guid":{"rendered":"https:\/\/farmacialino.pt\/online\/?post_type=product&#038;p=236"},"modified":"2025-08-05T12:28:56","modified_gmt":"2025-08-05T12:28:56","slug":"cialis","status":"publish","type":"product","link":"https:\/\/farmacialino.pt\/online\/product\/cialis\/","title":{"rendered":"Cialis"},"content":{"rendered":"<h3>Nome Gen\u00e9rico e Marca<\/h3>\n<p>O Cialis \u00e9 conhecido cientificamente como tadalafil e \u00e9 comercializado principalmente sob a marca Cialis. Este medicamento pertence \u00e0 classe dos inibidores da fosfodiesterase tipo 5 (PDE5), sendo utilizado primariamente para tratar disfun\u00e7\u00f5es er\u00e9teis e sintomas de <a href=\"https:\/\/farmacialino.pt\/online\/product\/avodart\/\" data-internallinksmanager029f6b8e52c=\"47\" title=\"Avodart\">hiperplasia<\/a> prost\u00e1tica benigna.<\/p>\n<h3>Formas de Apresenta\u00e7\u00e3o<\/h3>\n<p>Cialis est\u00e1 dispon\u00edvel em <a href=\"https:\/\/farmacialino.pt\/online\/product\/glucophage\/\" data-internallinksmanager029f6b8e52c=\"45\" title=\"Glucophage\">comprimidos<\/a> revestidos, que variam em dosagem de 5, 10 e 20 mg. A escolha da dosagem depende da indica\u00e7\u00e3o m\u00e9dica, frequ\u00eancia de uso e resposta individual ao tratamento. Os comprimidos s\u00e3o de cor amarela, em forma de am\u00eandoa, e embalados em blisters.<\/p>\n<h3>Mecanismo de A\u00e7\u00e3o<\/h3>\n<p>O tadalafil, componente ativo do Cialis, atua relaxando os m\u00fasculos lisos nas paredes dos vasos sangu\u00edneos, permitindo um aumento do fluxo sangu\u00edneo em \u00e1reas espec\u00edficas do corpo. Esse mecanismo \u00e9 fundamental para a efic\u00e1cia do medicamento no tratamento da disfun\u00e7\u00e3o er\u00e9til, pois facilita a obten\u00e7\u00e3o e a manuten\u00e7\u00e3o de uma ere\u00e7\u00e3o quando h\u00e1 est\u00edmulo <a href=\"https:\/\/farmacialino.pt\/online\/product\/levitra\/\" data-internallinksmanager029f6b8e52c=\"34\" title=\"Levitra\">sexual<\/a>.<\/p>\n<h3>Indica\u00e7\u00f5es Terap\u00eauticas<\/h3>\n<p>Cialis \u00e9 amplamente indicado para o tratamento da disfun\u00e7\u00e3o er\u00e9til (DE) em homens adultos. Esta condi\u00e7\u00e3o \u00e9 caracterizada pela dificuldade em obter ou manter uma ere\u00e7\u00e3o adequada para a atividade sexual. Al\u00e9m disso, o Cialis tamb\u00e9m \u00e9 prescrito para o tratamento dos sintomas da hiperplasia prost\u00e1tica benigna (HPB), que inclui dificuldade na inicia\u00e7\u00e3o do fluxo urin\u00e1rio e necessidade frequente ou urgente de urinar, especialmente durante a noite.<\/p>\n<h3>Modo de Uso Recomendado<\/h3>\n<p>Para a disfun\u00e7\u00e3o er\u00e9til, a dosagem recomendada de Cialis \u00e9 de 10 mg, tomados antes da atividade sexual prevista, sem considerar as refei\u00e7\u00f5es. Dependendo da efic\u00e1cia e tolerabilidade, a dose pode ser aumentada para 20 mg ou reduzida para 5 mg. Em caso de uso regular (diariamente), recomenda-se uma dose de 5 mg, aproximadamente no mesmo hor\u00e1rio todos os dias. No tratamento da HPB, a terapia recomendada \u00e9 de 5 mg di\u00e1rios. O Cialis deve ser administrado por via oral, engolindo o <a href=\"https:\/\/farmacialino.pt\/online\/product\/cytotec\/\" data-internallinksmanager029f6b8e52c=\"64\" title=\"Cytotec\">comprimido<\/a> inteiro com um pouco de \u00e1gua.<\/p>\n<h3>Interac\u00e7\u00f5es Farmacol\u00f3gicas<\/h3>\n<p>O tadalafil pode interagir com diversos outros medicamentos, alterando a sua efic\u00e1cia ou piorando rea\u00e7\u00f5es adversas. Importante destacar as intera\u00e7\u00f5es com nitratos (usados no tratamento de angina), que podem levar a uma queda acentuada da press\u00e3o arterial. Tamb\u00e9m n\u00e3o \u00e9 recomendado o uso concomitante com inibidores da CYP3A4, como alguns antif\u00fangicos az\u00f3licos e antibi\u00f3ticos macrol\u00eddios, visto que podem aumentar os n\u00edveis de tadalafil no sangue.<\/p>\n<h3>Efeitos Colaterais Comuns<\/h3>\n<p>Os efeitos adversos mais comumente reportados incluem dor de cabe\u00e7a, dispepsia, dor nas costas, mialgia, congest\u00e3o <a href=\"https:\/\/farmacialino.pt\/online\/product\/flonase\/\" data-internallinksmanager029f6b8e52c=\"65\" title=\"Flonase\">nasal<\/a>, rubor facial e tonturas. Esses efeitos geralmente s\u00e3o transit\u00f3rios e de intensidade leve a moderada. No entanto, \u00e9 fundamental que o paciente reporte ao m\u00e9dico qualquer efeito adverso que persista ou cause desconforto significativo.<\/p>\n<h3>Restri\u00e7\u00f5es de Uso<\/h3>\n<p>Cialis n\u00e3o \u00e9 indicado para indiv\u00edduos que tenham hipersensibilidade conhecida ao tadalafil ou a qualquer componente do comprimido. Al\u00e9m disso, n\u00e3o deve ser usado por pacientes que estejam administrando medicamentos contendo nitratos ou que foram aconselhados a abster-se de atividade sexual devido a problemas card\u00edacos subjacentes.<\/p>\n<h3>Considera\u00e7\u00f5es Farmacocin\u00e9ticas<\/h3>\n<p>Ap\u00f3s a ingest\u00e3o oral, o tadalafil \u00e9 rapidamente absorvido, alcan\u00e7ando concentra\u00e7\u00f5es plasm\u00e1ticas m\u00e1ximas dentro de duas horas. A sua biodisponibilidade n\u00e3o \u00e9 significativamente afetada pela ingest\u00e3o de alimentos. O tadalafil \u00e9 metabolizado predominantemente pelo <a href=\"https:\/\/farmacialino.pt\/online\/product\/nicotinell\/\" data-internallinksmanager029f6b8e52c=\"66\" title=\"Nicotinell\">sistema<\/a> enzim\u00e1tico CYP3A4 no f\u00edgado e mais de 60% da dose administrada \u00e9 excretada nas fezes, enquanto aproximadamente 30% \u00e9 excretado na urina.<\/p>\n","protected":false},"excerpt":{"rendered":"<p>O Cialis \u00e9 um medicamento cujo princ\u00edpio ativo \u00e9 o tadalafil. Tamb\u00e9m \u00e9 conhecido por outros nomes como Adcirca, dependendo do uso espec\u00edfico. \u00c9 frequentemente utilizado para tratar a disfun\u00e7\u00e3o er\u00e9til, ajudando a aumentar o fluxo sangu\u00edneo para o p\u00eanis durante a estimula\u00e7\u00e3o sexual.<\/p>\n<h2>Pre\u00e7o do Cialis<\/h2>\n<p>O custo do Cialis varia de 0.65 \u20ac a 3.41 \u20ac por p\u00edlulas. Dependendo do tamanho da embalagem e do n\u00famero de comprimidos contidos (10 ou 360 comprimidos).<\/p>\n","protected":false},"featured_media":259,"comment_status":"open","ping_status":"closed","template":"","meta":{"site-sidebar-layout":"","site-content-layout":"","ast-site-content-layout":"","site-content-style":"","site-sidebar-style":"","ast-global-header-display":"","ast-banner-title-visibility":"","ast-main-header-display":"","ast-hfb-above-header-display":"","ast-hfb-below-header-display":"","ast-hfb-mobile-header-display":"","site-post-title":"","ast-breadcrumbs-content":"","ast-featured-img":"","footer-sml-layout":"","ast-disable-related-posts":"","theme-transparent-header-meta":"","adv-header-id-meta":"","stick-header-meta":"","header-above-stick-meta":"","header-main-stick-meta":"","header-below-stick-meta":"","astra-migrate-meta-layouts":"","ast-page-background-enabled":"default","ast-page-background-meta":{"desktop":{"background-color":"var(--ast-global-color-4)","background-image":"","background-repeat":"repeat","background-position":"center center","background-size":"auto","background-attachment":"scroll","background-type":"","background-media":"","overlay-type":"","overlay-color":"","overlay-opacity":"","overlay-gradient":""},"tablet":{"background-color":"","background-image":"","background-repeat":"repeat","background-position":"center center","background-size":"auto","background-attachment":"scroll","background-type":"","background-media":"","overlay-type":"","overlay-color":"","overlay-opacity":"","overlay-gradient":""},"mobile":{"background-color":"","background-image":"","background-repeat":"repeat","background-position":"center center","background-size":"auto","background-attachment":"scroll","background-type":"","background-media":"","overlay-type":"","overlay-color":"","overlay-opacity":"","overlay-gradient":""}},"ast-content-background-meta":{"desktop":{"background-color":"var(--ast-global-color-5)","background-image":"","background-repeat":"repeat","background-position":"center center","background-size":"auto","background-attachment":"scroll","background-type":"","background-media":"","overlay-type":"","overlay-color":"","overlay-opacity":"","overlay-gradient":""},"tablet":{"background-color":"var(--ast-global-color-5)","background-image":"","background-repeat":"repeat","background-position":"center center","background-size":"auto","background-attachment":"scroll","background-type":"","background-media":"","overlay-type":"","overlay-color":"","overlay-opacity":"","overlay-gradient":""},"mobile":{"background-color":"var(--ast-global-color-5)","background-image":"","background-repeat":"repeat","background-position":"center center","background-size":"auto","background-attachment":"scroll","background-type":"","background-media":"","overlay-type":"","overlay-color":"","overlay-opacity":"","overlay-gradient":""}}},"product_brand":[],"product_cat":[38],"product_tag":[],"class_list":{"0":"post-236","1":"product","2":"type-product","3":"status-publish","4":"has-post-thumbnail","6":"product_cat-disfuncao-eretil","7":"pa_ingrediente-ativo-tadalafil","8":"desktop-align-right","9":"tablet-align-left","10":"mobile-align-left","12":"first","13":"instock","14":"shipping-taxable","15":"product-type-external"},"_links":{"self":[{"href":"https:\/\/farmacialino.pt\/online\/wp-json\/wp\/v2\/product\/236","targetHints":{"allow":["GET"]}}],"collection":[{"href":"https:\/\/farmacialino.pt\/online\/wp-json\/wp\/v2\/product"}],"about":[{"href":"https:\/\/farmacialino.pt\/online\/wp-json\/wp\/v2\/types\/product"}],"replies":[{"embeddable":true,"href":"https:\/\/farmacialino.pt\/online\/wp-json\/wp\/v2\/comments?post=236"}],"wp:featuredmedia":[{"embeddable":true,"href":"https:\/\/farmacialino.pt\/online\/wp-json\/wp\/v2\/media\/259"}],"wp:attachment":[{"href":"https:\/\/farmacialino.pt\/online\/wp-json\/wp\/v2\/media?parent=236"}],"wp:term":[{"taxonomy":"product_brand","embeddable":true,"href":"https:\/\/farmacialino.pt\/online\/wp-json\/wp\/v2\/product_brand?post=236"},{"taxonomy":"product_cat","embeddable":true,"href":"https:\/\/farmacialino.pt\/online\/wp-json\/wp\/v2\/product_cat?post=236"},{"taxonomy":"product_tag","embeddable":true,"href":"https:\/\/farmacialino.pt\/online\/wp-json\/wp\/v2\/product_tag?post=236"}],"curies":[{"name":"wp","href":"https:\/\/api.w.org\/{rel}","templated":true}]}}